{"id":654,"date":"2017-05-11T21:59:08","date_gmt":"2017-05-11T19:59:08","guid":{"rendered":"http:\/\/cie-astrolabe.org\/?page_id=654"},"modified":"2017-05-11T21:59:08","modified_gmt":"2017-05-11T19:59:08","slug":"pascaline-duron","status":"publish","type":"page","link":"https:\/\/cie-astrolabe.org\/?page_id=654","title":{"rendered":"PASCALINE DURON"},"content":{"rendered":"<p><a href=\"https:\/\/cie-astrolabe.org\/wp-content\/uploads\/2017\/04\/PASCALINE-400x400.png\"><img decoding=\"async\" loading=\"lazy\" class=\"wp-image-609 alignleft\" src=\"https:\/\/cie-astrolabe.org\/wp-content\/uploads\/2017\/04\/PASCALINE-400x400.png\" alt=\"\" width=\"142\" height=\"214\" \/><\/a><\/p>\n<p class=\"western\" lang=\"en-US\" align=\"justify\"><span style=\"font-family: Times New Roman,serif;\"><span lang=\"fr-FR\"><b>Pascaline Duron, <\/b><\/span><\/span><span style=\"font-family: Times New Roman,serif;\"><span lang=\"fr-FR\"><b>Costumi\u00e8re<\/b><\/span><\/span><span style=\"font-family: Times New Roman,serif;\"><span lang=\"fr-FR\">. <\/span><\/span><\/p>\n<p class=\"western\" lang=\"en-US\" align=\"justify\"><span style=\"font-family: Times New Roman,serif;\"><span lang=\"fr-FR\">Apr\u00e8s un dipl\u00f4me de graphiste publicitaire Pascaline Duron se dirige vers la cr\u00e9ation de costume.<\/span><\/span><\/p>\n<p class=\"western\" align=\"justify\"><span style=\"font-family: Times New Roman,serif;\">C\u2019est avec Bela Czuppon qu\u2019elle doit ses premi\u00e8res exp\u00e9riences pour le th\u00e9\u00e2tre\u00a0: Beckett, Jon Fosse, Strindberg, Brecht, Gombrowicz\u2026<\/span><\/p>\n<p class=\"western\" lang=\"en-US\" align=\"justify\"><span style=\"font-family: Times New Roman,serif;\"><span lang=\"fr-FR\">Elle collabore avec Jacques Lasalle et Alain Chambon pour Kaos Debout au Festival In d\u2019Avignon, et avec de nombreux autres metteurs en sc\u00e8ne\u00a0comme Charles Tordjmann, Didier Kerstein, Carmelo Agnelo, Christiane Hugel, Pierre Astri\u00e9, Christel Melen, Stephan Delon, Micha Cotte, Matthias Beyler, Richard Mitou\u2026 depuis plus de 20 ans<\/span><\/span><\/p>\n<p class=\"western\" align=\"justify\"><span style=\"font-family: Times New Roman,serif;\">Elle cr\u00e9e autant pour le th\u00e9\u00e2tre que pour l\u2019op\u00e9ra\u00a0:<\/span><\/p>\n<p class=\"western\" lang=\"en-US\" align=\"justify\"><span style=\"font-family: Times New Roman,serif;\"><span lang=\"fr-FR\">Celui de Montpellier\u00a0(<\/span><\/span><span style=\"font-family: Times New Roman,serif;\"><span lang=\"fr-FR\"><i><b>Candide<\/b><\/i><\/span><\/span><span style=\"font-family: Times New Roman,serif;\"><span lang=\"fr-FR\"> de Bernstein, <\/span><\/span><span style=\"font-family: Times New Roman,serif;\"><span lang=\"fr-FR\"><i><b>Magdalena<\/b><\/i><\/span><\/span><span style=\"font-family: Times New Roman,serif;\"><span lang=\"fr-FR\"> de Villa Lobos, <\/span><\/span><span style=\"font-family: Times New Roman,serif;\"><span lang=\"fr-FR\"><i><b>Mass<\/b><\/i><\/span><\/span><span style=\"font-family: Times New Roman,serif;\"><span lang=\"fr-FR\"> de Berstein<\/span><\/span><span style=\"font-family: Times New Roman,serif;\"><span lang=\"fr-FR\"><i><b>, Lost in the star<\/b><\/i><\/span><\/span><span style=\"font-family: Times New Roman,serif;\"><span lang=\"fr-FR\"> de Weill), celui de Nancy\u00a0(<\/span><\/span><span style=\"font-family: Times New Roman,serif;\"><span lang=\"fr-FR\"><i><b>Le prisonnier<\/b><\/i><\/span><\/span><span style=\"font-family: Times New Roman,serif;\"><span lang=\"fr-FR\"> de Dalla Picolla, <\/span><\/span><span style=\"font-family: Times New Roman,serif;\"><span lang=\"fr-FR\"><i><b>Isola Disabitata<\/b><\/i><\/span><\/span><span style=\"font-family: Times New Roman,serif;\"><span lang=\"fr-FR\"> de Haydn, <\/span><\/span><span style=\"font-family: Times New Roman,serif;\"><span lang=\"fr-FR\"><i><b>L\u2019appel de la mer<\/b><\/i><\/span><\/span><span style=\"font-family: Times New Roman,serif;\"><span lang=\"fr-FR\"> de H.Rabaud), celui de Tartu en Estonie\u00a0(<\/span><\/span><span style=\"font-family: Times New Roman,serif;\"><span lang=\"fr-FR\"><i><b>Le Trouv\u00e8re<\/b><\/i><\/span><\/span><span style=\"font-family: Times New Roman,serif;\"><span lang=\"fr-FR\"> de Verdi) et celui de Massy\u00a0\ud83d\ude41<\/span><\/span><span style=\"font-family: Times New Roman,serif;\"><span lang=\"fr-FR\"><i><b>Carmen<\/b><\/i><\/span><\/span><span style=\"font-family: Times New Roman,serif;\"><span lang=\"fr-FR\"> de Bizet et <\/span><\/span><span style=\"font-family: Times New Roman,serif;\"><span lang=\"fr-FR\"><i><b>West side story<\/b><\/i><\/span><\/span><span style=\"font-family: Times New Roman,serif;\"><span lang=\"fr-FR\"> de Bernstein).<\/span><\/span><\/p>\n<p class=\"western\" lang=\"en-US\" align=\"justify\"><span style=\"font-family: Times New Roman,serif;\"><span lang=\"fr-FR\">Elle travaille \u00e9galement pour la TV, la publicit\u00e9 ou l\u2019\u00e9v\u00e9nementiel. <\/span><\/span><\/p>\n<p class=\"western\" lang=\"en-US\" align=\"justify\"><span style=\"font-family: Times New Roman,serif;\"><span lang=\"fr-FR\">Depuis 2013\u00a0: pour le cirque Amar et pour l\u2019Autre Th\u00e9\u00e2tre, association cr\u00e9\u00e9 pour promouvoir l\u2019expression artistique de personnes en situation de handicap, spectacle donn\u00e9 chaque ann\u00e9e au Printemps des com\u00e9diens<\/span><\/span><\/p>\n","protected":false},"excerpt":{"rendered":"<p>Pascaline Duron, Costumi\u00e8re. Apr\u00e8s un dipl\u00f4me de graphiste publicitaire Pascaline Duron se dirige vers la cr\u00e9ation de costume. C\u2019est avec Bela Czuppon qu\u2019elle doit ses premi\u00e8res exp\u00e9riences pour le th\u00e9\u00e2tre\u00a0: <a class=\"more-link\" href=\"https:\/\/cie-astrolabe.org\/?page_id=654\">Lire la suite \u2192<\/a><\/p>\n","protected":false},"author":1,"featured_media":0,"parent":0,"menu_order":0,"comment_status":"closed","ping_status":"closed","template":"","meta":{"jetpack_post_was_ever_published":false},"yoast_head":"<!-- This site is optimized with the Yoast SEO plugin v20.1 - https:\/\/yoast.com\/wordpress\/plugins\/seo\/ -->\n<title>PASCALINE DURON - Compagnie de l&#039;Astrolabe<\/title>\n<meta name=\"robots\" content=\"index, follow, max-snippet:-1, max-image-preview:large, max-video-preview:-1\" \/>\n<link rel=\"canonical\" href=\"https:\/\/cie-astrolabe.org\/?page_id=654\" \/>\n<meta property=\"og:locale\" content=\"fr_FR\" \/>\n<meta property=\"og:type\" content=\"article\" \/>\n<meta property=\"og:title\" content=\"PASCALINE DURON - Compagnie de l&#039;Astrolabe\" \/>\n<meta property=\"og:description\" content=\"Pascaline Duron, Costumi\u00e8re. Apr\u00e8s un dipl\u00f4me de graphiste publicitaire Pascaline Duron se dirige vers la cr\u00e9ation de costume. C\u2019est avec Bela Czuppon qu\u2019elle doit ses premi\u00e8res exp\u00e9riences pour le th\u00e9\u00e2tre\u00a0: Lire la suite \u2192\" \/>\n<meta property=\"og:url\" content=\"https:\/\/cie-astrolabe.org\/?page_id=654\" \/>\n<meta property=\"og:site_name\" content=\"Compagnie de l&#039;Astrolabe\" \/>\n<meta property=\"article:publisher\" content=\"https:\/\/www.facebook.com\/cie.delastrolabe.3\" \/>\n<meta property=\"og:image\" content=\"http:\/\/cie-astrolabe.org\/wp-content\/uploads\/2017\/04\/PASCALINE-400x400.png\" \/>\n<meta name=\"twitter:card\" content=\"summary_large_image\" \/>\n<meta name=\"twitter:label1\" content=\"Dur\u00e9e de lecture estim\u00e9e\" \/>\n\t<meta name=\"twitter:data1\" content=\"1 minute\" \/>\n<script type=\"application\/ld+json\" class=\"yoast-schema-graph\">{\"@context\":\"https:\/\/schema.org\",\"@graph\":[{\"@type\":\"WebPage\",\"@id\":\"https:\/\/cie-astrolabe.org\/?page_id=654\",\"url\":\"https:\/\/cie-astrolabe.org\/?page_id=654\",\"name\":\"PASCALINE DURON - Compagnie de l&#039;Astrolabe\",\"isPartOf\":{\"@id\":\"https:\/\/cie-astrolabe.org\/#website\"},\"datePublished\":\"2017-05-11T19:59:08+00:00\",\"dateModified\":\"2017-05-11T19:59:08+00:00\",\"breadcrumb\":{\"@id\":\"https:\/\/cie-astrolabe.org\/?page_id=654#breadcrumb\"},\"inLanguage\":\"fr-FR\",\"potentialAction\":[{\"@type\":\"ReadAction\",\"target\":[\"https:\/\/cie-astrolabe.org\/?page_id=654\"]}]},{\"@type\":\"BreadcrumbList\",\"@id\":\"https:\/\/cie-astrolabe.org\/?page_id=654#breadcrumb\",\"itemListElement\":[{\"@type\":\"ListItem\",\"position\":1,\"name\":\"Accueil\",\"item\":\"https:\/\/cie-astrolabe.org\/\"},{\"@type\":\"ListItem\",\"position\":2,\"name\":\"PASCALINE DURON\"}]},{\"@type\":\"WebSite\",\"@id\":\"https:\/\/cie-astrolabe.org\/#website\",\"url\":\"https:\/\/cie-astrolabe.org\/\",\"name\":\"Compagnie de l&#039;Astrolabe\",\"description\":\"\",\"publisher\":{\"@id\":\"https:\/\/cie-astrolabe.org\/#organization\"},\"potentialAction\":[{\"@type\":\"SearchAction\",\"target\":{\"@type\":\"EntryPoint\",\"urlTemplate\":\"https:\/\/cie-astrolabe.org\/?s={search_term_string}\"},\"query-input\":\"required name=search_term_string\"}],\"inLanguage\":\"fr-FR\"},{\"@type\":\"Organization\",\"@id\":\"https:\/\/cie-astrolabe.org\/#organization\",\"name\":\"Compagnie de l&#039;Astrolabe\",\"url\":\"https:\/\/cie-astrolabe.org\/\",\"logo\":{\"@type\":\"ImageObject\",\"inLanguage\":\"fr-FR\",\"@id\":\"https:\/\/cie-astrolabe.org\/#\/schema\/logo\/image\/\",\"url\":\"https:\/\/cie-astrolabe.org\/wp-content\/uploads\/2020\/12\/MG1_2124.jpg\",\"contentUrl\":\"https:\/\/cie-astrolabe.org\/wp-content\/uploads\/2020\/12\/MG1_2124.jpg\",\"width\":1092,\"height\":728,\"caption\":\"Compagnie de l&#039;Astrolabe\"},\"image\":{\"@id\":\"https:\/\/cie-astrolabe.org\/#\/schema\/logo\/image\/\"},\"sameAs\":[\"https:\/\/www.facebook.com\/cie.delastrolabe.3\"]}]}<\/script>\n<!-- \/ Yoast SEO plugin. -->","yoast_head_json":{"title":"PASCALINE DURON - Compagnie de l&#039;Astrolabe","robots":{"index":"index","follow":"follow","max-snippet":"max-snippet:-1","max-image-preview":"max-image-preview:large","max-video-preview":"max-video-preview:-1"},"canonical":"https:\/\/cie-astrolabe.org\/?page_id=654","og_locale":"fr_FR","og_type":"article","og_title":"PASCALINE DURON - Compagnie de l&#039;Astrolabe","og_description":"Pascaline Duron, Costumi\u00e8re. Apr\u00e8s un dipl\u00f4me de graphiste publicitaire Pascaline Duron se dirige vers la cr\u00e9ation de costume. C\u2019est avec Bela Czuppon qu\u2019elle doit ses premi\u00e8res exp\u00e9riences pour le th\u00e9\u00e2tre\u00a0: Lire la suite \u2192","og_url":"https:\/\/cie-astrolabe.org\/?page_id=654","og_site_name":"Compagnie de l&#039;Astrolabe","article_publisher":"https:\/\/www.facebook.com\/cie.delastrolabe.3","og_image":[{"url":"http:\/\/cie-astrolabe.org\/wp-content\/uploads\/2017\/04\/PASCALINE-400x400.png"}],"twitter_card":"summary_large_image","twitter_misc":{"Dur\u00e9e de lecture estim\u00e9e":"1 minute"},"schema":{"@context":"https:\/\/schema.org","@graph":[{"@type":"WebPage","@id":"https:\/\/cie-astrolabe.org\/?page_id=654","url":"https:\/\/cie-astrolabe.org\/?page_id=654","name":"PASCALINE DURON - Compagnie de l&#039;Astrolabe","isPartOf":{"@id":"https:\/\/cie-astrolabe.org\/#website"},"datePublished":"2017-05-11T19:59:08+00:00","dateModified":"2017-05-11T19:59:08+00:00","breadcrumb":{"@id":"https:\/\/cie-astrolabe.org\/?page_id=654#breadcrumb"},"inLanguage":"fr-FR","potentialAction":[{"@type":"ReadAction","target":["https:\/\/cie-astrolabe.org\/?page_id=654"]}]},{"@type":"BreadcrumbList","@id":"https:\/\/cie-astrolabe.org\/?page_id=654#breadcrumb","itemListElement":[{"@type":"ListItem","position":1,"name":"Accueil","item":"https:\/\/cie-astrolabe.org\/"},{"@type":"ListItem","position":2,"name":"PASCALINE DURON"}]},{"@type":"WebSite","@id":"https:\/\/cie-astrolabe.org\/#website","url":"https:\/\/cie-astrolabe.org\/","name":"Compagnie de l&#039;Astrolabe","description":"","publisher":{"@id":"https:\/\/cie-astrolabe.org\/#organization"},"potentialAction":[{"@type":"SearchAction","target":{"@type":"EntryPoint","urlTemplate":"https:\/\/cie-astrolabe.org\/?s={search_term_string}"},"query-input":"required name=search_term_string"}],"inLanguage":"fr-FR"},{"@type":"Organization","@id":"https:\/\/cie-astrolabe.org\/#organization","name":"Compagnie de l&#039;Astrolabe","url":"https:\/\/cie-astrolabe.org\/","logo":{"@type":"ImageObject","inLanguage":"fr-FR","@id":"https:\/\/cie-astrolabe.org\/#\/schema\/logo\/image\/","url":"https:\/\/cie-astrolabe.org\/wp-content\/uploads\/2020\/12\/MG1_2124.jpg","contentUrl":"https:\/\/cie-astrolabe.org\/wp-content\/uploads\/2020\/12\/MG1_2124.jpg","width":1092,"height":728,"caption":"Compagnie de l&#039;Astrolabe"},"image":{"@id":"https:\/\/cie-astrolabe.org\/#\/schema\/logo\/image\/"},"sameAs":["https:\/\/www.facebook.com\/cie.delastrolabe.3"]}]}},"jetpack_sharing_enabled":true,"jetpack_shortlink":"https:\/\/wp.me\/P7Tcq7-ay","_links":{"self":[{"href":"https:\/\/cie-astrolabe.org\/index.php?rest_route=\/wp\/v2\/pages\/654"}],"collection":[{"href":"https:\/\/cie-astrolabe.org\/index.php?rest_route=\/wp\/v2\/pages"}],"about":[{"href":"https:\/\/cie-astrolabe.org\/index.php?rest_route=\/wp\/v2\/types\/page"}],"author":[{"embeddable":true,"href":"https:\/\/cie-astrolabe.org\/index.php?rest_route=\/wp\/v2\/users\/1"}],"replies":[{"embeddable":true,"href":"https:\/\/cie-astrolabe.org\/index.php?rest_route=%2Fwp%2Fv2%2Fcomments&post=654"}],"version-history":[{"count":1,"href":"https:\/\/cie-astrolabe.org\/index.php?rest_route=\/wp\/v2\/pages\/654\/revisions"}],"predecessor-version":[{"id":655,"href":"https:\/\/cie-astrolabe.org\/index.php?rest_route=\/wp\/v2\/pages\/654\/revisions\/655"}],"wp:attachment":[{"href":"https:\/\/cie-astrolabe.org\/index.php?rest_route=%2Fwp%2Fv2%2Fmedia&parent=654"}],"curies":[{"name":"wp","href":"https:\/\/api.w.org\/{rel}","templated":true}]}}