{"id":28,"date":"2016-05-25T14:48:42","date_gmt":"2016-05-25T12:48:42","guid":{"rendered":"http:\/\/localhost:8888\/?page_id=28"},"modified":"2021-07-31T15:49:45","modified_gmt":"2021-07-31T13:49:45","slug":"partenaires","status":"publish","type":"page","link":"https:\/\/cie-astrolabe.org\/?page_id=28","title":{"rendered":"PARTENAIRES"},"content":{"rendered":"<div class=\"yui-g\">\n<div style=\"text-align: center;\"><big><big>La Compagnie de l&rsquo;Astrolabe tient \u00e0 remercier particuli\u00e8rement pour son soutien\u00a0:<\/big><\/big><\/div>\n<\/div>\n<div><\/div>\n<div style=\"text-align: center;\">DRAC OCCITANIE<\/div>\n<div><\/div>\n<div style=\"text-align: center;\"><a href=\"https:\/\/cie-astrolabe.org\/wp-content\/uploads\/2021\/07\/DRAC.png\"><img decoding=\"async\" loading=\"lazy\" class=\"aligncenter wp-image-1254 size-thumbnail\" src=\"https:\/\/cie-astrolabe.org\/wp-content\/uploads\/2021\/07\/DRAC-420x243.png\" alt=\"\" width=\"420\" height=\"243\" srcset=\"https:\/\/cie-astrolabe.org\/wp-content\/uploads\/2021\/07\/DRAC-420x243.png 420w, https:\/\/cie-astrolabe.org\/wp-content\/uploads\/2021\/07\/DRAC-744x431.png 744w, https:\/\/cie-astrolabe.org\/wp-content\/uploads\/2021\/07\/DRAC-768x445.png 768w, https:\/\/cie-astrolabe.org\/wp-content\/uploads\/2021\/07\/DRAC-600x348.png 600w, https:\/\/cie-astrolabe.org\/wp-content\/uploads\/2021\/07\/DRAC.png 792w\" sizes=\"(max-width: 420px) 100vw, 420px\" \/><\/a><\/div>\n<div><\/div>\n<div class=\"yui-g\">\n<div style=\"text-align: center;\">\n<p><big>La Ville de Montpellier,<a href=\"https:\/\/cie-astrolabe.org\/wp-content\/uploads\/2018\/07\/logo-ville-300-dpi-600px-jpg.jpg\"><img decoding=\"async\" loading=\"lazy\" class=\"aligncenter wp-image-792 \" src=\"https:\/\/cie-astrolabe.org\/wp-content\/uploads\/2018\/07\/logo-ville-300-dpi-600px-jpg-420x532.jpg\" alt=\"\" width=\"129\" height=\"161\" \/><\/a><\/big><big> La R\u00e9gion Languedoc-Roussillon,<\/big><\/p>\n<p><a href=\"https:\/\/cie-astrolabe.org\/wp-content\/uploads\/2018\/07\/OC-1702-instit-logo-rectangle-RVB-225x100-300dpi.jpg\"><img decoding=\"async\" loading=\"lazy\" class=\"aligncenter wp-image-806\" src=\"https:\/\/cie-astrolabe.org\/wp-content\/uploads\/2018\/07\/OC-1702-instit-logo-rectangle-RVB-225x100-300dpi.jpg\" alt=\"\" width=\"334\" height=\"152\" \/><\/a><big> l&rsquo;ENSAD de Montpellier,<\/big><\/p>\n<p><a href=\"https:\/\/cie-astrolabe.org\/wp-content\/uploads\/2018\/07\/logo_ENSAD_Montpellier.png\"><img decoding=\"async\" loading=\"lazy\" class=\"aligncenter wp-image-807\" src=\"https:\/\/cie-astrolabe.org\/wp-content\/uploads\/2018\/07\/logo_ENSAD_Montpellier.png\" alt=\"\" width=\"215\" height=\"168\" \/><\/a><big><\/big><\/p>\n<p>L ADAMI<\/p>\n<p><a href=\"https:\/\/cie-astrolabe.org\/wp-content\/uploads\/2020\/05\/LOGO-ADAMI-HORIZONTAL-SIGNAT-FR-BLANC-01.png\"><img decoding=\"async\" loading=\"lazy\" class=\"aligncenter wp-image-1071\" src=\"https:\/\/cie-astrolabe.org\/wp-content\/uploads\/2020\/05\/LOGO-ADAMI-HORIZONTAL-SIGNAT-FR-BLANC-01.png\" alt=\"\" width=\"320\" height=\"214\" \/><\/a><\/p>\n<p><big>La SPEDIDAM<br \/>\n<\/big><\/p>\n<p><a href=\"https:\/\/cie-astrolabe.org\/wp-content\/uploads\/2020\/05\/SPEDIDAM-LOGO-BLANC-PNG.png\"><img decoding=\"async\" loading=\"lazy\" class=\"aligncenter wp-image-1073\" src=\"https:\/\/cie-astrolabe.org\/wp-content\/uploads\/2020\/05\/SPEDIDAM-LOGO-BLANC-PNG.png\" alt=\"\" width=\"312\" height=\"156\" \/><\/a><\/p>\n<p><big> Le Conseil D\u00e9partemental de l&rsquo;H\u00e9rault,<\/big><\/p>\n<p><a href=\"https:\/\/cie-astrolabe.org\/wp-content\/uploads\/2018\/07\/CD34.jpg\"><img decoding=\"async\" loading=\"lazy\" class=\"aligncenter size-full wp-image-790\" src=\"https:\/\/cie-astrolabe.org\/wp-content\/uploads\/2018\/07\/CD34.jpg\" alt=\"\" width=\"328\" height=\"159\" \/><\/a><big> Montpellier Agglom\u00e9ration,<\/big><\/p>\n<p><a href=\"https:\/\/cie-astrolabe.org\/wp-content\/uploads\/2020\/05\/metro_largeur_RVB.jpg\"><img decoding=\"async\" loading=\"lazy\" class=\"aligncenter wp-image-1081\" src=\"https:\/\/cie-astrolabe.org\/wp-content\/uploads\/2020\/05\/metro_largeur_RVB.jpg\" alt=\"\" width=\"328\" height=\"145\" \/><\/a><\/p>\n<p><big>R\u00e9seau en sc\u00e8ne<\/big><a href=\"https:\/\/cie-astrolabe.org\/wp-content\/uploads\/2018\/07\/res_logo_quadri.jpg\"><img decoding=\"async\" loading=\"lazy\" class=\"aligncenter wp-image-783\" src=\"https:\/\/cie-astrolabe.org\/wp-content\/uploads\/2018\/07\/res_logo_quadri.jpg\" alt=\"\" width=\"293\" height=\"123\" \/><\/a><big><big>l&rsquo;ESAD de Paris,<\/big><br \/>\n<\/big><\/p>\n<p><a href=\"https:\/\/cie-astrolabe.org\/wp-content\/uploads\/2018\/07\/ESAD-blanc.jpg\"><img decoding=\"async\" loading=\"lazy\" class=\"aligncenter wp-image-791\" src=\"https:\/\/cie-astrolabe.org\/wp-content\/uploads\/2018\/07\/ESAD-blanc.jpg\" alt=\"\" width=\"311\" height=\"113\" \/><\/a><big> Le Th\u00e9\u00e2tre de Clermont l&rsquo;H\u00e9rault,<\/big><\/p>\n<p><big>Le Th\u00e9\u00e2tre dans les Vignes \u00e0 Couffoulens<\/big>,<\/p>\n<p><big> Le Th\u00e9\u00e2tre de la Vista,<br \/>\n<\/big><\/p>\n<div><big>La Cie H\u00e9lice Th\u00e9\u00e2tre,<\/big><\/div>\n<p><big> La Cie Les t\u00eates de bois,<\/big><\/p>\n<p><big>La Cie Jacques Bioul\u00e8s.<br \/>\n<\/big><\/p>\n<\/div>\n<div style=\"text-align: center;\"><\/div>\n<p style=\"text-align: center;\"><span style=\"font-size: medium;\">Marcelle Guerrero, Pascaline Duron, Pierre et Mich\u00e8le Heydorff, Dominique Raynal, L\u00e9onardo Montecchia, Anna Delbos- Zamore, Ma\u00ef Zamore, Pierre Neuv\u00e9glise, Marc Ginot, Juliette Peytavin, Thamie, Buntu et Thando.<\/span><\/p>\n<\/div>\n<div class=\"yui-g\"><\/div>\n","protected":false},"excerpt":{"rendered":"<p>La Compagnie de l&rsquo;Astrolabe tient \u00e0 remercier particuli\u00e8rement pour son soutien\u00a0: DRAC OCCITANIE La Ville de Montpellier, La R\u00e9gion Languedoc-Roussillon, l&rsquo;ENSAD de Montpellier, L ADAMI La SPEDIDAM Le Conseil D\u00e9partemental <a class=\"more-link\" href=\"https:\/\/cie-astrolabe.org\/?page_id=28\">Lire la suite \u2192<\/a><\/p>\n","protected":false},"author":1,"featured_media":0,"parent":24,"menu_order":5,"comment_status":"closed","ping_status":"closed","template":"","meta":{"jetpack_post_was_ever_published":false},"yoast_head":"<!-- This site is optimized with the Yoast SEO plugin v20.1 - https:\/\/yoast.com\/wordpress\/plugins\/seo\/ -->\n<title>PARTENAIRES - Compagnie de l&#039;Astrolabe<\/title>\n<meta name=\"robots\" content=\"index, follow, max-snippet:-1, max-image-preview:large, max-video-preview:-1\" \/>\n<link rel=\"canonical\" href=\"https:\/\/cie-astrolabe.org\/?page_id=28\" \/>\n<meta property=\"og:locale\" content=\"fr_FR\" \/>\n<meta property=\"og:type\" content=\"article\" \/>\n<meta property=\"og:title\" content=\"PARTENAIRES - Compagnie de l&#039;Astrolabe\" \/>\n<meta property=\"og:description\" content=\"La Compagnie de l&rsquo;Astrolabe tient \u00e0 remercier particuli\u00e8rement pour son soutien\u00a0: DRAC OCCITANIE La Ville de Montpellier, La R\u00e9gion Languedoc-Roussillon, l&rsquo;ENSAD de Montpellier, L ADAMI La SPEDIDAM Le Conseil D\u00e9partemental Lire la suite \u2192\" \/>\n<meta property=\"og:url\" content=\"https:\/\/cie-astrolabe.org\/?page_id=28\" \/>\n<meta property=\"og:site_name\" content=\"Compagnie de l&#039;Astrolabe\" \/>\n<meta property=\"article:publisher\" content=\"https:\/\/www.facebook.com\/cie.delastrolabe.3\" \/>\n<meta property=\"article:modified_time\" content=\"2021-07-31T13:49:45+00:00\" \/>\n<meta property=\"og:image\" content=\"http:\/\/cie-astrolabe.org\/wp-content\/uploads\/2021\/07\/DRAC-420x243.png\" \/>\n<meta name=\"twitter:card\" content=\"summary_large_image\" \/>\n<meta name=\"twitter:label1\" content=\"Dur\u00e9e de lecture estim\u00e9e\" \/>\n\t<meta name=\"twitter:data1\" content=\"1 minute\" \/>\n<script type=\"application\/ld+json\" class=\"yoast-schema-graph\">{\"@context\":\"https:\/\/schema.org\",\"@graph\":[{\"@type\":\"WebPage\",\"@id\":\"https:\/\/cie-astrolabe.org\/?page_id=28\",\"url\":\"https:\/\/cie-astrolabe.org\/?page_id=28\",\"name\":\"PARTENAIRES - Compagnie de l&#039;Astrolabe\",\"isPartOf\":{\"@id\":\"https:\/\/cie-astrolabe.org\/#website\"},\"datePublished\":\"2016-05-25T12:48:42+00:00\",\"dateModified\":\"2021-07-31T13:49:45+00:00\",\"breadcrumb\":{\"@id\":\"https:\/\/cie-astrolabe.org\/?page_id=28#breadcrumb\"},\"inLanguage\":\"fr-FR\",\"potentialAction\":[{\"@type\":\"ReadAction\",\"target\":[\"https:\/\/cie-astrolabe.org\/?page_id=28\"]}]},{\"@type\":\"BreadcrumbList\",\"@id\":\"https:\/\/cie-astrolabe.org\/?page_id=28#breadcrumb\",\"itemListElement\":[{\"@type\":\"ListItem\",\"position\":1,\"name\":\"Accueil\",\"item\":\"https:\/\/cie-astrolabe.org\/\"},{\"@type\":\"ListItem\",\"position\":2,\"name\":\"COMPAGNIE\",\"item\":\"https:\/\/cie-astrolabe.org\/?page_id=24\"},{\"@type\":\"ListItem\",\"position\":3,\"name\":\"PARTENAIRES\"}]},{\"@type\":\"WebSite\",\"@id\":\"https:\/\/cie-astrolabe.org\/#website\",\"url\":\"https:\/\/cie-astrolabe.org\/\",\"name\":\"Compagnie de l&#039;Astrolabe\",\"description\":\"\",\"publisher\":{\"@id\":\"https:\/\/cie-astrolabe.org\/#organization\"},\"potentialAction\":[{\"@type\":\"SearchAction\",\"target\":{\"@type\":\"EntryPoint\",\"urlTemplate\":\"https:\/\/cie-astrolabe.org\/?s={search_term_string}\"},\"query-input\":\"required name=search_term_string\"}],\"inLanguage\":\"fr-FR\"},{\"@type\":\"Organization\",\"@id\":\"https:\/\/cie-astrolabe.org\/#organization\",\"name\":\"Compagnie de l&#039;Astrolabe\",\"url\":\"https:\/\/cie-astrolabe.org\/\",\"logo\":{\"@type\":\"ImageObject\",\"inLanguage\":\"fr-FR\",\"@id\":\"https:\/\/cie-astrolabe.org\/#\/schema\/logo\/image\/\",\"url\":\"https:\/\/cie-astrolabe.org\/wp-content\/uploads\/2020\/12\/MG1_2124.jpg\",\"contentUrl\":\"https:\/\/cie-astrolabe.org\/wp-content\/uploads\/2020\/12\/MG1_2124.jpg\",\"width\":1092,\"height\":728,\"caption\":\"Compagnie de l&#039;Astrolabe\"},\"image\":{\"@id\":\"https:\/\/cie-astrolabe.org\/#\/schema\/logo\/image\/\"},\"sameAs\":[\"https:\/\/www.facebook.com\/cie.delastrolabe.3\"]}]}<\/script>\n<!-- \/ Yoast SEO plugin. -->","yoast_head_json":{"title":"PARTENAIRES - Compagnie de l&#039;Astrolabe","robots":{"index":"index","follow":"follow","max-snippet":"max-snippet:-1","max-image-preview":"max-image-preview:large","max-video-preview":"max-video-preview:-1"},"canonical":"https:\/\/cie-astrolabe.org\/?page_id=28","og_locale":"fr_FR","og_type":"article","og_title":"PARTENAIRES - Compagnie de l&#039;Astrolabe","og_description":"La Compagnie de l&rsquo;Astrolabe tient \u00e0 remercier particuli\u00e8rement pour son soutien\u00a0: DRAC OCCITANIE La Ville de Montpellier, La R\u00e9gion Languedoc-Roussillon, l&rsquo;ENSAD de Montpellier, L ADAMI La SPEDIDAM Le Conseil D\u00e9partemental Lire la suite \u2192","og_url":"https:\/\/cie-astrolabe.org\/?page_id=28","og_site_name":"Compagnie de l&#039;Astrolabe","article_publisher":"https:\/\/www.facebook.com\/cie.delastrolabe.3","article_modified_time":"2021-07-31T13:49:45+00:00","og_image":[{"url":"http:\/\/cie-astrolabe.org\/wp-content\/uploads\/2021\/07\/DRAC-420x243.png"}],"twitter_card":"summary_large_image","twitter_misc":{"Dur\u00e9e de lecture estim\u00e9e":"1 minute"},"schema":{"@context":"https:\/\/schema.org","@graph":[{"@type":"WebPage","@id":"https:\/\/cie-astrolabe.org\/?page_id=28","url":"https:\/\/cie-astrolabe.org\/?page_id=28","name":"PARTENAIRES - Compagnie de l&#039;Astrolabe","isPartOf":{"@id":"https:\/\/cie-astrolabe.org\/#website"},"datePublished":"2016-05-25T12:48:42+00:00","dateModified":"2021-07-31T13:49:45+00:00","breadcrumb":{"@id":"https:\/\/cie-astrolabe.org\/?page_id=28#breadcrumb"},"inLanguage":"fr-FR","potentialAction":[{"@type":"ReadAction","target":["https:\/\/cie-astrolabe.org\/?page_id=28"]}]},{"@type":"BreadcrumbList","@id":"https:\/\/cie-astrolabe.org\/?page_id=28#breadcrumb","itemListElement":[{"@type":"ListItem","position":1,"name":"Accueil","item":"https:\/\/cie-astrolabe.org\/"},{"@type":"ListItem","position":2,"name":"COMPAGNIE","item":"https:\/\/cie-astrolabe.org\/?page_id=24"},{"@type":"ListItem","position":3,"name":"PARTENAIRES"}]},{"@type":"WebSite","@id":"https:\/\/cie-astrolabe.org\/#website","url":"https:\/\/cie-astrolabe.org\/","name":"Compagnie de l&#039;Astrolabe","description":"","publisher":{"@id":"https:\/\/cie-astrolabe.org\/#organization"},"potentialAction":[{"@type":"SearchAction","target":{"@type":"EntryPoint","urlTemplate":"https:\/\/cie-astrolabe.org\/?s={search_term_string}"},"query-input":"required name=search_term_string"}],"inLanguage":"fr-FR"},{"@type":"Organization","@id":"https:\/\/cie-astrolabe.org\/#organization","name":"Compagnie de l&#039;Astrolabe","url":"https:\/\/cie-astrolabe.org\/","logo":{"@type":"ImageObject","inLanguage":"fr-FR","@id":"https:\/\/cie-astrolabe.org\/#\/schema\/logo\/image\/","url":"https:\/\/cie-astrolabe.org\/wp-content\/uploads\/2020\/12\/MG1_2124.jpg","contentUrl":"https:\/\/cie-astrolabe.org\/wp-content\/uploads\/2020\/12\/MG1_2124.jpg","width":1092,"height":728,"caption":"Compagnie de l&#039;Astrolabe"},"image":{"@id":"https:\/\/cie-astrolabe.org\/#\/schema\/logo\/image\/"},"sameAs":["https:\/\/www.facebook.com\/cie.delastrolabe.3"]}]}},"jetpack_sharing_enabled":true,"jetpack_shortlink":"https:\/\/wp.me\/P7Tcq7-s","_links":{"self":[{"href":"https:\/\/cie-astrolabe.org\/index.php?rest_route=\/wp\/v2\/pages\/28"}],"collection":[{"href":"https:\/\/cie-astrolabe.org\/index.php?rest_route=\/wp\/v2\/pages"}],"about":[{"href":"https:\/\/cie-astrolabe.org\/index.php?rest_route=\/wp\/v2\/types\/page"}],"author":[{"embeddable":true,"href":"https:\/\/cie-astrolabe.org\/index.php?rest_route=\/wp\/v2\/users\/1"}],"replies":[{"embeddable":true,"href":"https:\/\/cie-astrolabe.org\/index.php?rest_route=%2Fwp%2Fv2%2Fcomments&post=28"}],"version-history":[{"count":18,"href":"https:\/\/cie-astrolabe.org\/index.php?rest_route=\/wp\/v2\/pages\/28\/revisions"}],"predecessor-version":[{"id":1255,"href":"https:\/\/cie-astrolabe.org\/index.php?rest_route=\/wp\/v2\/pages\/28\/revisions\/1255"}],"up":[{"embeddable":true,"href":"https:\/\/cie-astrolabe.org\/index.php?rest_route=\/wp\/v2\/pages\/24"}],"wp:attachment":[{"href":"https:\/\/cie-astrolabe.org\/index.php?rest_route=%2Fwp%2Fv2%2Fmedia&parent=28"}],"curies":[{"name":"wp","href":"https:\/\/api.w.org\/{rel}","templated":true}]}}